04023 and 732.
183
Calculate the highest common factor of 974264368 and 2926.
2926
Calculate the highest common factor of 1830857 and 551.
29
Calculate the highest common factor of 159682313 and 1414.
707
Calculate the greatest common factor of 82273 and 31349.
29
What is the highest common factor of 34871 and 3133?
1
What is the highest common divisor of 26102 and 13700264?
62
What is the greatest common divisor of 13774 and 4958214?
142
Calculate the greatest common factor of 25119655 and 203.
29
What is the greatest common factor of 3766370 and 7353?
817
What is the highest common factor of 11328 and 374532?
708
What is the greatest common divisor of 1592 and 163707748?
796
Calculate the greatest common factor of 1425 and 10477725.
75
Calculate the highest common divisor of 3728405 and 7505.
395
What is the highest common divisor of 170836570 and 2890?
2890
What is the highest common factor of 2941004 and 12221?
11
Calculate the greatest common divisor of 108128810 and 14550.
970
What is the greatest common factor of 3757299 and 273?
273
What is the highest common divisor of 53325 and 2369925?
675
What is the highest common divisor of 1429038 and 1083264?
2418
Calculate the highest common divisor of 51228 and 145086234.
8538
Calculate the greatest common factor of 2712 and 42051933.
339
Calculate the highest common divisor of 21027123 and 13.
13
Calculate the greatest common divisor of 474488 and 37555.
259
What is the highest common divisor of 581673741 and 847?
121
Calculate the greatest common factor of 1226218 and 112.
14
What is the highest common factor of 15255 and 13899?
339
Calculate the highest common factor of 5132849 and 219.
73
Calculate the greatest common divisor of 8759097 and 1377.
1377
Calculate the greatest common divisor of 2476 and 2022364.
4
Calculate the greatest common factor of 619267216 and 16.
16
What is the highest common factor of 4631213 and 29?
29
Calculate the highest common factor of 324 and 6867.
9
What is the highest common divisor of 5920052 and 24?
4
What is the greatest common factor of 4258434 and 18?
6
What is the highest common divisor of 11 and 182942771?
11
What is the greatest common factor of 117 and 15390009?
9
What is the highest common factor of 57982058 and 838?
838
Calculate the greatest common divisor of 20338811 and 21.
1
What is the greatest common divisor of 2 and 80870479?
1
Calculate the highest common divisor of 4238325 and 38640.
2415
What is the highest common divisor of 24890907 and 102?
51
What is the greatest common divisor of 80741 and 69695?
263
What is the highest common divisor of 1305 and 86014?
29
Calculate the highest common factor of 20260588 and 8756.
796
Calculate the greatest common factor of 1457 and 14896151.
31
What is the highest common divisor of 117 and 11170419?
39
What is the greatest common factor of 56082 and 29926?
26
What is the highest common factor of 771752 and 16?
8
Calculate the greatest common factor of 560 and 1035244.
28
Calculate the greatest common factor of 38451500 and 848.
212
Calculate the highest common factor of 76779 and 349182.
171
Calculate the greatest common factor of 4317088 and 188.
4
Calculate the greatest common factor of 12 and 59898.
6
Calculate the greatest common divisor of 483 and 476589463.
161
Calculate the greatest common divisor of 71786610 and 630.
630
What is the highest common factor of 527 and 210885?
17
Calculate the highest common factor of 12363 and 9070638.
951
Calculate the greatest common factor of 175 and 11030.
5
Calculate the greatest common factor of 1642 and 23502767.
821
What is the highest common divisor of 446040 and 10710?
630
What is the highest common divisor of 255411 and 20371?
13
What is the greatest common divisor of 27833304 and 384?
24
What is the greatest common divisor of 3143 and 85267?
7
What is the highest common factor of 92186300 and 175?
25
What is the highest common factor of 778764 and 6492?
12
What is the greatest common divisor of 391608 and 152736?
888
Calculate the greatest common divisor of 82709 and 2433684.
1133
What is the greatest common factor of 12544 and 7537152?
1792
What is the highest common divisor of 10098 and 280368?
594
Calculate the greatest common factor of 1299993496 and 536.
536
What is the highest common factor of 155 and 17107567?
31
What is the highest common divisor of 41513073 and 168?
21
Calculate the greatest common divisor of 30375 and 68250.
375
What is the highest common divisor of 22284148 and 262?
262
Calculate the highest common factor of 182 and 48360494.
182
What is the highest common factor of 464 and 144520?
8
What is the highest common divisor of 176 and 2215036?
4
What is the greatest common divisor of 2700216 and 4032?
72
Calculate the greatest common divisor of 38296 and 222424.
8
Calculate the highest common divisor of 5665 and 695559.
103
What is the highest common divisor of 5179571 and 42883?
1159
Calculate the highest common factor of 10634460 and 360.
60
What is the greatest common factor of 1314 and 9332977?
73
Calculate the highest common divisor of 622374 and 26790.
282
What is the greatest common factor of 17424 and 696912?
48
What is the greatest common divisor of 44152047 and 891?
81
What is the greatest common divisor of 98015522 and 7458?
2486
What is the greatest common factor of 231024 and 19152?
48
What is the greatest common factor of 6340651 and 387?
43
Calculate the greatest common divisor of 21560 and 376516.
196
Calculate the highest common divisor of 11715 and 432540.
15
What is the highest common divisor of 7878 and 108730338?
606
What is the greatest common divisor of 196 and 16183622?
98
What is the highest common factor of 15756314 and 1007624?
8126
What is the greatest common factor of 19216 and 2132?
4
What is the highest common divisor of 105086786 and 7196?
3598
What is the greatest common factor of 7441450 and 50?
50
Calculate the greatest common divisor of 827000 and 37000.
1000
What is the greatest common divisor of 7000 and 185100?
100
What is the highest common divisor of 2036 and 148?
4
What is the greatest common divisor of 86 and 1615088600?
86
What is the highest common divisor of 133 and 1134000?
7
What is the greatest common divisor of 2841526 and 80066?
1634
Calculate the highest common divisor of 7854 and 550018.
238
Calculate the highest common factor of 221432 and 26878.
178
What is the highest common divisor of 3392 and 63810728?
424
What is the highest common divisor of 11540 and 4926640?
20
Calculate the highest common divisor of 67359488 and 23296.
1792
What is the highest common divisor of 6417 and 120474184?
713
Calculate the greatest common factor of 195238 and 17018.
134
Calculate the greatest common factor of 4547655 and 133.
7
What is the greatest common factor of 730 and 502620330?
730
What is the greatest common factor of 5893788 and 40?
4
Calculate the greatest common factor of 60534064 and 77200.
3088
Calculate the highest common factor of 5572 and 1990.
398
What is the greatest common factor of 85646085 and 24990?
1785
Calculate the greatest common divisor of 306250 and 14945.
245
Calculate the highest common divisor of 162 and 25350894.
162
Calculate the highest common divisor of 135195 and 3750.
15
What is the greatest common factor of 59661 and 60606?
63
What is the greatest common factor of 342615 and 4305?
105
What is the highest common factor of 262614 and 88922?
346
Calculate the greatest common factor of 174 and 9880503.
87
What is the greatest common factor of 26 and 33344870?
26
What is the greatest common factor of 179 and 8228988?
179
Calculate the highest common factor of 26928540 and 180.
180
Calculate the greatest common divisor of 27 and 522786177.
27
What is the highest common divisor of 323133 and 68913?
57
What is the highest common divisor of 287729 and 10075?
13
Calculate the greatest common factor of 1817 and 1188088.
23
What is the greatest common factor of 50 and 96414?
2
Calculate the greatest common divisor of 727 and 2203294909.
727
What is the highest common factor of 237 and 4631849?
79
Calculate the greatest common divisor of 103382379 and 1719.
1719
What is the greatest common factor of 1605 and 8391903?
321
What is the greatest common factor of 385